4*t = 9*t - 14, 3*t = 5*n - 97. Suppose 6*z = 2*z - u + 195, -5*u = -15. What is the remainder when z is divided by n?
14
Let t(p) = 10 + 0 + 0*p**3 + p**3 + 6*p**2 - 6*p. Let h be t(-7). Suppose -h*z + 50 = -z. Calculate the remainder when z is divided by 7.
4
Suppose 4*f + 0*f - 12 = 0. Let z be 2/(((-3)/(-2))/f). Suppose 0 = -5*q + r + 250 - 50, -z*q + 159 = -r. What is the remainder when q is divided by 14?
13
Let p(a) = 3*a - 4*a - 3 + 2 + 4. Suppose -55 = -3*t - 2*t. What is the remainder when t is divided by p(-3)?
5
Let m(a) = a - 7. Let i be m(0). Let b = 42 + i. Suppose -5*f = -120 + b. What is the remainder when f is divided by 9?
8
Let h = -26 + 31. Suppose 0*l - 10 = -5*l. Suppose l*v + 3*f - 15 = 4*f, -45 = -2*v - h*f. Calculate the remainder when v is divided by 4.
2
Let b = 16 + -21. Calculate the remainder when 74/(-4)*(b - -3) is divided by 13.
11
Let n(w) = -w + 12. Calculate the remainder when n(-9) is divided by 4.
1
Let r(w) = -2*w + 13. Let y be r(-6). Suppose -z + 4 = -y. What is the remainder when 56 is divided by z?
27
Suppose -q - 260 = -6*q. Calculate the remainder when q is divided by 18.
16
Let u = -31 - -103. Suppose 0 = f - u - 15. What is the remainder when f is divided by 22?
21
Let s(m) = -m**3 - 3*m**2 + 3*m + 3. Let k be s(-4). Let b = k - 6. Calculate the remainder when (0 - -2) + 0/1 is divided by b.
0
Suppose -p + 3*y + 66 = 0, -9*y + 4*y = 0. What is the remainder when p is divided by 17?
15
Let f = 5 - -12. Calculate the remainder when 1 + 1/(4/120) is divided by f.
14
Suppose -3*i - 2*o = -5*i + 166, -i = 3*o - 87. Suppose 2*u + 24 = i. What is the remainder when u is divided by 8?
6
Suppose 0 = 10*i - 12*i + 52. What is the remainder when i is divided by 10?
6
Suppose 20 = 3*z - 124. Let q = z + -31. What is the remainder when q is divided by 6?
5
Suppose -28 = -2*r + 8. What is the remainder when r is divided by 5?
3
What is the remainder when 134 + 22/(-6) + (-22)/(-33) is divided by 19?
17
What is the remainder when 41 - -5 - 9/3 is divided by 11?
10
What is the remainder when 3 is divided by -3 + 12 - 3 - 3?
0
Suppose -r = -5 - 23. Suppose 18 + 32 = 5*o. What is the remainder when r is divided by o?
8
Let u(n) = -n**3 + 7*n**2 - 4*n - 6. Let b be u(6). Let y be 0/(-2) - (1 - b). Suppose y*z - 15 = -0*z. What is the remainder when 4 is divided by z?
1
Suppose 3*h + 11 = p, 2*p - 4*h - 18 = -0*p. What is the remainder when 14 is divided by p?
4
Suppose -5*h + 552 = 4*q, 222 = 5*h - 5*q - 348. What is the remainder when h is divided by 32?
16
Let p = -2 - -4. Calculate the remainder when p is divided by -8 - -11 - (-2 + 4).
0
What is the remainder when 126/(-10)*(6 + -11) is divided by 11?
8
Suppose 3*x + 41 = 4*x - 3*u, 5*x = -4*u + 110. What is the remainder when 76 is divided by x?
24
Let k = -40 + 56. Calculate the remainder when 45 is divided by k.
13
Let o = 15 + -8. Let f = o - 4. Calculate the remainder when -1 + f + -3 + 35 is divided by 12.
10
Suppose 0 = -3*o - 2*o + 865. Let p = -116 + o. What is the remainder when p is divided by 15?
12
Let a be (0/((-3)/1))/1. Suppose a = 3*l - x - 0*x - 9, x - 3 = -3*l. Suppose -t = l*t - 24. Calculate the remainder when 15 is divided by t.
7
Let t(o) = 4*o + 13. Let k be t(-9). Let i be -38 + (-2 - -2 - -1). Let a = k - i. Calculate the remainder when 26 is divided by a.
12
Suppose -2*x = 2*z - 48, -22 = z - 2*z - 3*x. Let m = -7 + z. What is the remainder when m is divided by 10?
8
Let p be 4/10 - (-34)/(-10). Let f be (p/(-6))/((-1)/(-186)). Suppose -5*g + f = -0*g + 4*h, 3*g - 49 = h. Calculate the remainder when g is divided by 6.
5
Let m(y) = y + 9. Let a be m(-7). Suppose s = 2*i + 14 + a, 4*i = 0. Let n = -40 - -71. What is the remainder when n is divided by s?
15
Let t(h) = h + 10. Calculate the remainder when 7 is divided by t(-8).
1
Suppose 2*c + h = -71, h - 160 = 4*c + c. Let u = c - -47. What is the remainder when u is divided by 5?
4
Let g = 23 + -8. Let r be 2/5*(-10)/(-2). Suppose -j + 6 = -v, 0 = -6*j + 2*j + r*v + 24. Calculate the remainder when g is divided by j.
3
Suppose 0*k - 24 = -4*k. Suppose -o + 4*o + k = 0. Calculate the remainder when 65 is divided by 132/(-3)*1/o.
21
Let q be (3/6)/(2/(-20)). Let a = 6 + q. Calculate the remainder when 2/7 - (-24)/14 is divided by a.
0
Suppose 28 = 4*w - 5*a, 0 = 4*a - 3*a. Let k be (-6)/(-15) - 16/(-10). Suppose -k*d = -3*d + 3. Calculate the remainder when w is divided by d.
1
Let x be 21 + (-3)/3*2. Let u = x + -5. Calculate the remainder when 53 is divided by u.
11
Suppose -2*h = 3*p - 24, 3*p - 5*p + 26 = 2*h. Suppose h + 160 = 5*r. Let m = 233 + -224. What is the remainder when r is divided by m?
8
Let k = -5 - -14. Let t = 27 - 12. Calculate the remainder when t is divided by k.
6
Suppose -4*t + 92 = 4*y, y - 5*t + 67 = 4*y. What is the remainder when 95 is divided by y?
23
What is the remainder when 16 is divided by 3*2/3 - -5?
2
Let s be -1*9 + (-1 - -1). Let t = 7 + 4. What is the remainder when (-282)/s + (-1)/3 is divided by t?
9
Let u = 180 + -103. Calculate the remainder when u is divided by 20.
17
What is the remainder when 40 is divided by 1*3/(-3) - -13?
4
Let p(b) = 13*b. Calculate the remainder when p(1) is divided by 4.
1
Let w(d) = d + 5. Let j(u) = -u**2 - 5*u + 8. Let s be j(-6). Suppose 0 = -m + s*f + 37, -51 = -3*m + 4*f + 52. What is the remainder when m is divided by w(5)?
9
Suppose 4*i - 328 = 72. What is the remainder when i is divided by 26?
22
Suppose 3*q + 2 = 11, 0 = 3*v - q - 108. Calculate the remainder when v is divided by 13.
11
Suppose 0 = 5*l - 9 - 11. Suppose 26 + 2 = 3*i + l*r, 0 = i - 2*r - 6. What is the remainder when 15 is divided by i?
7
Let z(b) = 3*b**2 + 3*b - 7. What is the remainder when 32 is divided by z(-3)?
10
Suppose -5*b + 2*i - 7*i = 9320, 4*b = -i - 7444. Calculate the remainder when b/(-18) - (-8)/(-6) is divided by 26.
24
Let r(t) = t**3 - t**2 + t + 14. Let b be 2 + 0 - 2 - 0. Suppose -3*s + 8*s - 198 = -v, 3*s = v + 122. What is the remainder when s is divided by r(b)?
12
Suppose 4*k + l = 11, -3*k + 3*l - 6 = -3. Suppose t - 5*v - 10 = 11, -k*t + 4*v = -24. What is the remainder when 11 is divided by t?
5
Suppose 7*u = 2*u + 140. What is the remainder when u is divided by 15?
13
Let s(c) = -c**3 - 5*c**2 + c - 3. Let m be s(-6). Suppose z = -2*z + m. What is the remainder when z is divided by 5?
4
Let z be 1/3 + 160/(-12). Let t = -8 - z. What is the remainder when 18 is divided by t?
3
Suppose -4*q - 41 = -a, 2*a - q = -2*q + 46. What is the remainder when a is divided by 13?
12
Let v be -2*9/(-6)*6. Let l = 28 - v. Let x(i) = -i**3 - 8*i**2 + 7*i. What is the remainder when x(-9) is divided by l?
8
Let r = 13 - 3. Suppose 0*g - 5*g = -145. Calculate the remainder when g is divided by r.
9
Let j(m) = 4*m - 39. What is the remainder when j(17) is divided by 15?
14
Suppose -a + 5*u + 82 = 2*a, -4*a = -2*u - 114. Calculate the remainder when a is divided by 17.
12
Let m(n) = n**3 - 8*n**2 + 5*n - 13. What is the remainder when 132 is divided by m(8)?
24
Suppose 0 = d + 1, -b - d = -0*b - 3. Calculate the remainder when 33 is divided by b/(-14) + (-65)/(-7).
6
Let t(r) = -5*r - 34. Calculate the remainder when 109 is divided by t(-9).
10
Suppose 0*s + 5*s - 120 = 0. What is the remainder when 44 is divided by s?
20
What is the remainder when (57/2)/(14/(140/15)) is divided by 13?
6
Suppose 0*j + j - 16 = 0. What is the remainder when 61 is divided by j?
13
Let p(w) = 10*w - 1. What is the remainder when (-2)/(0 + (-3)/24) is divided by p(1)?
7
Let u(c) = 2*c**2 + 9*c + 4. Let v be u(-7). Suppose -x - 46 = -4*n + 18, -3*n + 3*x = -v. What is the remainder when n is divided by 4?
1
Let y be (24*53)/2 + -3. Let f be y/6 - 3/(-6). Suppose -38 = -q - 5*d, -f = -5*q - 4*d - 0*d. What is the remainder when q is divided by 10?
8
Let o = 14 + -10. Suppose -5*y + 4*i = -34, o*i - 3 = -4*y + 17. Calculate the remainder when 10 is divided by y.
4
Suppose 34 - 9 = z. Suppose -5*j = -5*p - z, 3*p + 2*p = 10. Calculate the remainder when 19 is divided by j.
5
Suppose -5*a = k + 4*k - 170, -a = 3*k - 110. Suppose -6 = m - k. Calculate the remainder when m is divided by 3/(-2)*34/(-3).
15
Let y = -99 + 165. Calculate the remainder when y i